*2 - 6*t - 26. List the prime factors of p(-4).
2, 3, 31
Suppose 5*o = 4*o - 3. What are the prime factors of 1 + (-3 - o - -109)?
2, 5, 11
Let n(o) = o**2 + 6*o. Let i be -3 + 3/2*-2. Let r be n(i). Suppose 5*g - 91 = 4*k, 3*g + r*k - 61 = 4*k. List the prime factors of g.
3, 5
Suppose 3*d - 3640 = 8870. What are the prime factors of d?
2, 3, 5, 139
Let l(q) = -q**2 + 5*q + 1. Let b be l(2). Let p(k) = k**2 + 4*k - 17. What are the prime factors of p(b)?
2, 3, 5
Suppose -4*b = -k - 16, 5*b = -k + 2 + 18. Suppose -l + 6 + 1 = k. Suppose -5*a + 143 = -l. List the prime factors of a.
2, 3, 5
Let g(w) = -5*w**2 - 35*w + 29. Let o(d) = -d**2 - 7*d + 6. Let u(v) = 2*g(v) - 11*o(v). Let h be ((-7)/21)/((-3)/(-81)). List the prime factors of u(h).
2, 5
Let i(z) = z**2 - 6*z + 10. Let d be i(4). Suppose -d*q + 2 = 0, q - 63 = -p - q. What are the prime factors of p?
61
Suppose 2*a - s - 30 = 0, 3*a + 5*s = 2*a + 26. Suppose 20*f - 132 = a*f. What are the prime factors of f?
3, 11
Let g(s) = -s + 3*s + 7*s - 1. What are the prime factors of g(3)?
2, 13
Let p(v) = -v**2 + 26*v - 10. List the prime factors of p(8).
2, 67
Let s(b) = -5*b + 5. Let i(k) = 16*k - 14. Let o(j) = -3*i(j) - 8*s(j). Let y be o(3). Let w = y + 34. What are the prime factors of w?
2, 3
Let n be (16/5)/((-6)/(-75)). Suppose 3*k - 121 = 2*v, -2*v + v = -k + n. List the prime factors of k.
41
Let z be (-28)/7 - (-193)/1. Let g = -101 + z. Let q = g + -41. What are the prime factors of q?
47
Let i = 559 - 459. What are the prime factors of i?
2, 5
Suppose -y + 8 = -5*z - 2, 155 = 5*y - 4*z. Suppose -4*k = 3*k - y. What are the prime factors of k?
5
Suppose 4*y + 4*h = 8, 3*y + h + 1 - 7 = 0. Let d be ((-137)/2)/(y/(-4)). Suppose -k + d = -l + 3*l, 5*k - 133 = -2*l. List the prime factors of l.
3, 23
Let b be 3 - (-345 + 2/(-1)). Let k = -163 + b. What are the prime factors of k?
11, 17
Suppose -5*u + 1650 = -3*r + r, -1635 = -5*u - r. What are the prime factors of u?
2, 41
Let h = 12 - 10. Suppose 2*z + 388 = -h*z + 5*u, 3*z + 256 = -5*u. Let f = 131 + z. What are the prime factors of f?
3, 13
Let y(u) = u**3 + 13*u**2 - 10*u + 14. Let b be y(-13). Let j be 18/42 - b/(-7). Let n = 37 - j. What are the prime factors of n?
2
Let m(l) = -l + 0 + l + l + 3. Let o be m(3). Suppose -o - 54 = -5*x. List the prime factors of x.
2, 3
Let o(h) = h**2 + 12*h + 13. Let l be o(-11). Suppose -6 = -2*c, -2 = -3*j + 4*c + 7. Suppose 4*z - 13 = j, l*z - 246 = -4*m. What are the prime factors of m?
59
Suppose 6*i = 3606 + 3516. What are the prime factors of i?
1187
Let l(z) = 30*z + 14. List the prime factors of l(3).
2, 13
Let m(a) = -2041*a**3 - 2*a**2 - 7*a - 5. List the prime factors of m(-1).
13, 157
Let k be (-27)/(-36)*(-8)/(-3). Let h = 93 + k. List the prime factors of h.
5, 19
Suppose -5*k - 4*b + 5763 + 292 = 0, 6*k = -b + 7247. What are the prime factors of k?
17, 71
Let v(g) = g**2 - g - 2. Let t be v(3). List the prime factors of 3/t + 10217/68.
151
Let s be (84/30)/((-1)/(-130)). Suppose s = 6*c + 8*c. List the prime factors of c.
2, 13
Let o = 20 - 34. Let p = -12 - o. Suppose p*r - 6*r = -24. What are the prime factors of r?
2, 3
Let i be -1 + -483*((-8)/(-6) + -2). Let u = i + -154. What are the prime factors of u?
167
Let p(x) = x**3 - x**2 - 6*x - 2. Let i = -5 - -10. Let m be p(i). Suppose 0 = -2*h - b + 74, 2*h + 3*b - m = 5*b. List the prime factors of h.
2, 3
Let q = 25 + -13. Let a = q + -5. What are the prime factors of (a/(-2))/(3/(-30))?
5, 7
Let h be (-2)/5 + (-1094)/(-10). Suppose -5*q + h = -4*q. What are the prime factors of q?
109
Suppose 2*u + 0*u = 8. Let g be 7*(-8 - (-9 + 0)). Suppose g*p - 33 = u*p. What are the prime factors of p?
11
Let f(q) = -32*q - 68. What are the prime factors of f(-15)?
2, 103
List the prime factors of 7 + (6 - 17) - (0 - 350).
2, 173
Suppose 11*m + 20342 = 4*k + 12*m, -10164 = -2*k - 4*m. What are the prime factors of k?
2, 2543
Let w(g) be the first derivative of -10*g**2 - 8*g - 300. Let l be -3*1*4/3. What are the prime factors of w(l)?
2, 3
Let r be (-56)/(-2)*(-2)/(-8). Let w = -7 + r. Let f = 31 + w. What are the prime factors of f?
31
Suppose 176*z = -w + 174*z + 4608, 5*w - 4*z - 22998 = 0. What are the prime factors of w?
2, 3, 13, 59
Let b = -570 + 255. List the prime factors of (b/(-5))/1 + -3.
2, 3, 5
List the prime factors of (-55)/66 + (-605)/(-6).
2, 5
Let f(k) = k**3 + 10*k**2 - 12*k - 8. Let j be f(-11). Suppose -2*r = -2, -j*w + 5*r = w - 139. Let z = -24 + w. List the prime factors of z.
2, 3
Let q be (-2 - 1)*-3 + -3. Let k = q - 6. Suppose k = -n + 4*p + 48 - 0, -5*p = 4*n - 108. What are the prime factors of n?
2
Let y(p) = 2*p - 13. Let a be y(14). Let v = 17 - a. Suppose 58 = -v*k + 4*k. What are the prime factors of k?
29
Let i(x) = -x**2 + 16*x - 9. Let q(a) = -a**3 + 9*a**2 - 8*a + 6. Let k be q(8). Suppose -2 = -p, -2*g + k*g - 34 = 5*p. List the prime factors of i(g).
2, 23
Suppose 3*c = 2*b - 10, 2*c - 10 = -2*b + c. Suppose -2*x + b*x + 1023 = 0. What are the prime factors of 1/2 - x/22?
2
Let n(k) = k**2 + 14*k - 19. Let y = -4 - 12. What are the prime factors of n(y)?
13
Let t(g) = -2*g + 6*g + 6*g. List the prime factors of t(5).
2, 5
What are the prime factors of (128/(-224))/((-1)/(-10801)*-2)?
2, 1543
List the prime factors of ((-1489)/(-2))/((-4)/(-8)).
1489
Suppose -103*i = -110*i + 2730. List the prime factors of i.
2, 3, 5, 13
Let j(k) = -k**3 - 10*k**2 - 8*k + 10. Let t be j(-9). Let f be 20 + (-3 - -3) + t. Let z = -8 + f. List the prime factors of z.
13
Let t(y) = -y - 1. Suppose 3*q + 2*q = 20. Suppose -l + 18 = -q*l. What are the prime factors of t(l)?
5
Let n = -9 - -11. Suppose -b = z, 20 = n*b - 6*b. Suppose 4*j - d = 4*d + 139, 0 = -z*j - 3*d + 183. List the prime factors of j.
2, 3
Let z(u) = -5*u**2 + 12*u - 4. Let c(v) = -9*v**2 + 24*v - 9. Let y(a) = -3*c(a) + 5*z(a). List the prime factors of y(6).
7
Let y(z) = -44*z**2 - z - 3. Let g(u) = -88*u**2 - 3*u - 7. Let j(m) = 2*g(m) - 5*y(m). What are the prime factors of j(-1)?
2, 23
Suppose 565 = 2*k - 455. What are the prime factors of k?
2, 3, 5, 17
Suppose 2658 = x + 3*q, -4*x - q - 1307 + 11939 = 0. What are the prime factors of x?
2, 3, 443
Let r(f) = f**3 - 6*f**2 - 10. Let a be 11 + (3 - 4) + (-6)/2. List the prime factors of r(a).
3, 13
Let p be (-6)/(-1 + 0) + -2. Suppose 4*b = 5*h - 100, 5*h + 0*b = 3*b + 105. List the prime factors of 6/p*272/h.
17
Let x(j) = -2*j**2 + 79*j + 74. List the prime factors of x(37).
7, 37
Let n = 7 - 7. Suppose -5*j + n*j = -260. What are the prime factors of j?
2, 13
Let j(i) = -3*i**2 - i - 10. Let r(a) = -4*a**2 - 11. Let y(n) = 2*j(n) - 3*r(n). What are the prime factors of y(-4)?
3, 13
Let s be ((-72)/(-40))/(3/10). Let a(n) = n**3 - 5*n**2 - 2*n + 12. What are the prime factors of a(s)?
2, 3
Suppose -6*z - 108 = 522. Let u = 204 + z. List the prime factors of u.
3, 11
Suppose -4*a - 2*y - 3*y + 5 = 0, -2 = -2*y. Suppose -4*t + 38 = -4*f - 22, a = f + 5. Let i = 13 - t. What are the prime factors of i?
3
Let o(q) = -q**2 + 4*q + 7. Suppose -5 = -h - 0. Let k be o(h). Suppose k*b + 0*b - 14 = 0. List the prime factors of b.
7
Let v(c) = c**3 - 7*c**2 + 6*c - 3. Let l be v(4). Let m = -25 + l. List the prime factors of m/(-3) + 26/39.
2, 3
Let s = 86 - 82. Suppose -5*x - 3*q + 399 = 0, 0 = x + s*q - 33 - 40. What are the prime factors of x?
3
Let o = -57 + 32. What are the prime factors of -2*(o - 4) - -4?
2, 31
Let w(j) = -23*j - 3. Suppose -2 = 13*q - 12*q. Let k be w(q). Let u = -28 + k. List the prime factors of u.
3, 5
What are the prime factors of ((-4)/5)/(((-102)/(-60))/(-17))?
2
Suppose -3*a + 12 = 0, 0*a = 3*s - a - 584. Suppose -129 = j - y, -2*j + 0*y + 5*y = 255. Let p = j + s. List the prime factors of p.
2, 3, 11
Suppose -4*m - 660 = -5900. Suppose m = s + 9*s. What are the prime factors of s?
131
Suppose 2*x + 5*i - 101 = 0, 5*i - 217 = -3*x - x. Let c = 44 + x. Suppose 5*a = 2*l + c, -5*a - 2*l = -6*l - 94. List the prime factors of a.
2, 11
Suppose 526 - 2074 = -3*j. What are the prime factors of j?
2, 3, 43
Let i(g) = -2*g**3 + 10*g**2 + 9*g + 14. Let v be i(6). List the prime factors of (v/6)/((-1)/135).
2, 3, 5
Let b be -5*(-1 - -6)/5. What are the prime factors of (70/(